t is the highest common divisor of 837 and 899?
31
What is the highest common factor of 15832 and 2456?
8
What is the greatest common factor of 21 and 21833?
7
What is the highest common factor of 12617 and 3663?
407
What is the greatest common factor of 15340 and 10502?
118
Calculate the greatest common factor of 2399796 and 1246.
1246
Calculate the highest common divisor of 174 and 108692.
58
Calculate the greatest common divisor of 3184407 and 3186.
1593
Calculate the highest common factor of 2059 and 39476.
71
Calculate the highest common divisor of 2171916 and 24.
12
What is the greatest common divisor of 111 and 302993?
37
What is the highest common divisor of 6424261 and 38?
19
Calculate the greatest common divisor of 6168 and 1112.
8
Calculate the greatest common divisor of 45089 and 22.
11
Calculate the greatest common factor of 400022 and 28.
14
What is the highest common divisor of 496 and 568?
8
Calculate the greatest common divisor of 1213036 and 836.
836
What is the highest common divisor of 906594 and 13?
13
What is the highest common divisor of 10041 and 3?
3
What is the highest common divisor of 96 and 88096?
32
What is the greatest common divisor of 53 and 2702894?
53
What is the highest common divisor of 39 and 975?
39
Calculate the greatest common divisor of 284 and 13131166.
142
Calculate the highest common factor of 286842 and 6.
6
Calculate the highest common divisor of 276 and 1702524.
12
What is the highest common divisor of 29538 and 38?
2
What is the greatest common factor of 391 and 80546?
391
Calculate the highest common factor of 130707 and 412.
103
What is the greatest common factor of 3 and 135363?
3
What is the greatest common divisor of 46458 and 696?
174
Calculate the greatest common factor of 84 and 182.
14
Calculate the greatest common divisor of 292032 and 984.
24
Calculate the highest common factor of 7889 and 441.
49
What is the greatest common factor of 596 and 3782216?
596
Calculate the highest common factor of 294 and 168672.
42
Calculate the highest common divisor of 621 and 668196.
621
What is the highest common factor of 68 and 65467?
17
What is the greatest common divisor of 12383 and 8120?
203
Calculate the highest common divisor of 399 and 419121.
57
Calculate the highest common factor of 102 and 10497.
3
What is the highest common factor of 21944 and 1144?
104
What is the greatest common factor of 15366 and 8814?
78
Calculate the greatest common divisor of 22 and 3560612.
22
Calculate the highest common factor of 338357 and 711.
79
What is the highest common factor of 117 and 5935527?
117
What is the greatest common factor of 14656 and 687?
229
Calculate the greatest common factor of 6851 and 15314.
403
What is the greatest common factor of 10 and 145228?
2
Calculate the greatest common factor of 2584 and 223193.
323
Calculate the greatest common factor of 112395 and 2065.
295
Calculate the greatest common factor of 133 and 28367.
19
What is the greatest common factor of 30192 and 510?
102
What is the highest common factor of 37642 and 236?
118
Calculate the greatest common factor of 6720 and 31710.
210
What is the greatest common divisor of 192 and 693632?
64
What is the highest common factor of 871 and 1198027?
67
What is the greatest common divisor of 9375 and 21?
3
What is the greatest common factor of 15813 and 252?
63
What is the highest common divisor of 99 and 2794?
11
Calculate the highest common divisor of 310 and 5192934.
62
What is the highest common factor of 21 and 1523921?
7
Calculate the highest common factor of 1107 and 1681.
41
What is the highest common divisor of 12348 and 396?
36
What is the greatest common factor of 153 and 472107?
51
Calculate the highest common factor of 1372 and 88.
4
What is the greatest common divisor of 3969 and 47873?
49
Calculate the highest common divisor of 410087 and 1.
1
What is the highest common divisor of 16956 and 4344?
12
What is the greatest common divisor of 451 and 5986?
41
What is the highest common factor of 510 and 2487610?
170
What is the highest common divisor of 536 and 233428?
268
Calculate the highest common factor of 1100 and 25700.
100
Calculate the greatest common divisor of 34577 and 923.
71
Calculate the highest common factor of 2300445 and 603.
603
What is the highest common factor of 1729 and 2639?
91
Calculate the greatest common divisor of 1986 and 38.
2
What is the highest common divisor of 37 and 326303?
37
What is the greatest common factor of 48 and 35562?
6
Calculate the greatest common factor of 30798 and 15.
3
What is the highest common divisor of 6715 and 34?
17
Calculate the highest common divisor of 12638 and 142.
142
What is the greatest common divisor of 80 and 158980?
20
Calculate the highest common divisor of 57 and 662169.
57
Calculate the greatest common divisor of 21 and 1110480.
21
What is the highest common divisor of 1527 and 414326?
509
What is the greatest common divisor of 574 and 379414?
574
Calculate the highest common factor of 13257 and 657.
9
What is the highest common divisor of 2565 and 18297?
171
What is the highest common divisor of 1241 and 261413?
73
What is the highest common factor of 1428 and 1596?
84
What is the greatest common divisor of 599034 and 24?
6
What is the highest common factor of 14 and 40222?
14
Calculate the highest common factor of 111 and 561.
3
Calculate the greatest common divisor of 1422 and 4122.
18
Calculate the highest common divisor of 278633 and 237.
79
What is the greatest common factor of 176 and 351098?
22
Calculate the highest common divisor of 96290 and 10.
10
Calculate the greatest common divisor of 51896 and 18824.
104
What is the highest common factor of 66 and 6138154?
22
Calculate the highest common factor of 6678 and 3906.
126
What is the highest common factor of 600875 and 418?
209
Calculate the highest common factor of 92735 and 13.
1
What is the highest common divisor of 84 and 124404?
84
What is the highest common divisor of 6640 and 460?
20
What is the highest common divisor of 1 and 26220?
1
Calculate the greatest common divisor of 4122 and 1206.
18
What is the greatest common factor of 1665 and 4847?
37
What is the greatest common divisor of 758788 and 8?
4
What is the greatest common factor of 3008 and 6656?
64
What is the highest common divisor of 44800 and 8?
8
What is the greatest common divisor of 9 and 344961?
9
What is the greatest common factor of 137530 and 510?
170
What is the highest common divisor of 27108 and 6561?
27
Calculate the highest common divisor of 3281 and 47092.
193
What is the highest common factor of 2715 and 55?
5
Calculate the greatest common factor of 15756 and 15951.
39
Calculate the highest common factor of 7265196 and 12.
12
What is the highest common factor of 581 and 14336?
7
What is the highest common factor of 280 and 74305?
35
What is the greatest common factor of 44550 and 48?
6
Calculate the highest common factor of 93022 and 18.
2
Calculate the highest common divisor of 28 and 2025548.
28
What is the highest common factor of 149205 and 87?
87
What is the highest common divisor of 17152 and 17536?
128
Calculate the greatest common divisor of 215 and 31347.
43
What is the greatest common factor of 6384 and 1392?
48
Calculate the greatest common factor of 56 and 255304.
56
Calculate the highest common divisor of 102570 and 240.
30
What is the highest common divisor of 29095 and 44?
11
What is the greatest common factor of 465392 and 11033?
1003
Calculate the greatest common factor of 806 and 837.
31
What is the highest common factor of 146480 and 40?
40
What is the greatest common factor of 40 and 4630?
10
Calculate the highest common factor of 6097 and 14539.
469
Calculate the greatest common divisor of 35 and 748195.
35
What is the highest common divisor of 209280 and 1760?
160
Calculate the highest common divisor of 928 and 1184.
32
Calculate the greatest common divisor of 2903865 and 1035.
345
What is the greatest common divisor of 6 and 11?
1
What is the greatest common factor of 287712 and 192?
96
What is the greatest common factor of 306510 and 3570?
510
What is the greatest common divisor of 1936 and 223124?
484
Calculate the greatest common factor of 89 and 776525.
89
What is the highest com